multiple of 230?
False
Is 11111562 a multiple of 1386?
True
Is 38828 a multiple of 5?
False
Is 166 a factor of 1363553?
False
Is 8604855 a multiple of 15?
True
Does 27 divide 23274004?
False
Does 11 divide 364298?
True
Is 1168075 a multiple of 25?
True
Does 21 divide 5515?
False
Is 118 a factor of 1278530?
True
Is 1472686 a multiple of 30?
False
Does 38 divide 6698390?
False
Is 1176448 a multiple of 13?
True
Is 138 a factor of 22356?
True
Is 49 a factor of 2774429?
True
Is 183 a factor of 198555?
True
Is 69 a factor of 438909?
True
Does 72 divide 2467345?
False
Is 10 a factor of 14288?
False
Is 211 a factor of 73659?
False
Does 73 divide 48344?
False
Is 50 a factor of 2217263?
False
Is 42 a factor of 3847284?
True
Is 624 a factor of 464654?
False
Does 6 divide 315985?
False
Is 203 a factor of 31465?
True
Is 80 a factor of 4180480?
True
Does 83 divide 488692?
False
Does 107 divide 1811189?
True
Is 182951 a multiple of 9?
False
Is 85554 a multiple of 147?
True
Is 205 a multiple of 4?
False
Is 7 a factor of 1008229?
False
Does 47 divide 2991398?
False
Is 4389613 even?
False
Is 104 a factor of 20196447?
False
Is 1002231 a multiple of 57?
True
Does 243 divide 371206?
False
Is 55 a factor of 533335?
True
Does 45 divide 87954?
False
Is 3657010 a multiple of 11?
False
Is 336682 a multiple of 213?
False
Does 466 divide 275406?
True
Is 232636 a multiple of 27?
False
Does 6 divide 1351044?
True
Does 277 divide 83923?
False
Is 1223157 a multiple of 79?
True
Does 140 divide 2750020?
True
Is 919376 a multiple of 39?
False
Is 30713 a multiple of 2?
False
Does 1415 divide 8121475?
False
Is 417500 a multiple of 167?
True
Is 41 a factor of 1619552?
False
Does 19 divide 3430070?
True
Is 156 a factor of 23927?
False
Is 370 a factor of 1790240?
False
Is 6 a factor of 47815?
False
Is 20 a factor of 447780?
True
Does 9 divide 58851?
True
Does 13 divide 10005723?
True
Is 1107065 a multiple of 470?
False
Does 520 divide 8164520?
True
Does 19 divide 886889?
False
Is 163687 a multiple of 9?
False
Is 1623754 a multiple of 237?
False
Is 26 a factor of 11130522?
True
Does 183 divide 11047893?
True
Is 3479419 a multiple of 9?
False
Is 15 a factor of 2842?
False
Does 13 divide 731119?
False
Does 111 divide 2748804?
True
Is 48155 a multiple of 20?
False
Is 24 a factor of 956808?
True
Is 75 a factor of 2292675?
True
Is 19524560 a multiple of 40?
True
Is 327 a factor of 5530224?
True
Does 135 divide 76275?
True
Is 901343 a multiple of 192?
False
Does 3 divide 122219?
False
Is 91 a factor of 322622?
False
Does 560 divide 5159599?
False
Does 41 divide 11032439?
False
Is 54255 a multiple of 16?
False
Is 14528256 a multiple of 17?
False
Is 708 a factor of 661980?
True
Is 179975 a multiple of 23?
True
Is 2362646 a multiple of 11?
True
Does 81 divide 89181?
True
Is 50 a factor of 183900?
True
Does 880 divide 401280?
True
Is 2 a factor of 8130?
True
Is 494667 a multiple of 31?
True
Is 364800 a multiple of 57?
True
Is 1067496 a multiple of 57?
True
Is 5421140 a multiple of 16?
False
Does 488 divide 385032?
True
Is 15 a factor of 57168?
False
Is 36 a factor of 1328940?
True
Does 294 divide 2484300?
True
Is 1407600 a multiple of 136?
True
Is 557840 a multiple of 152?
True
Is 552 a multiple of 138?
True
Does 35 divide 81989?
False
Is 108540 a multiple of 36?
True
Is 33 a factor of 10403151?
True
Does 49 divide 246939?
False
Is 961116 a multiple of 13?
True
Does 19 divide 994726?
True
Is 3 a factor of 222315?
True
Is 10 a factor of 106490?
True
Is 239040 a multiple of 8?
True
Does 50 divide 1401020?
False
Is 2855499 a multiple of 1373?
False
Is 464266 a multiple of 1034?
True
Is 67830 a multiple of 51?
True
Is 455748 a multiple of 26?
False
Is 342514 a multiple of 4?
False
Does 46 divide 59453?
False
Does 471 divide 8278423?
False
Is 20 a factor of 183840?
True
Is 1828442 a multiple of 77?
True
Is 25276 a multiple of 418?
False
Is 18 a factor of 74884?
False
Does 181 divide 347520?
True
Does 511 divide 83804?
True
Does 102 divide 6551816?
False
Is 27 a factor of 1670676?
False
Is 247455 a multiple of 265?
False
Is 473873 a multiple of 226?
False
Is 14 a factor of 912367?
False
Is 105 a factor of 165480?
True
Is 770 a factor of 18975052?
False
Is 12 a factor of 244704?
True
Is 469291 a multiple of 53?
False
Is 16 a factor of 148560?
True
Is 9 a factor of 1474281?
True
Does 133 divide 167314?
True
Is 584283 a multiple of 21?
True
Is 361129 a multiple of 646?
False
Does 263 divide 959781?
False
Is 179 a factor of 249882?
False
Is 194448 a multiple of 16?
True
Is 15131266 a multiple of 21?
False
Is 5005670 a multiple of 15?
False
Does 17 divide 174522?
True
Does 18 divide 17047429?
False
Does 1448 divide 5875984?
True
Is 33 a factor of 220871?
False
Does 1709 divide 3002713?
True
Is 10763 a multiple of 50?
False
Does 109 divide 31521?
False
Is 11 a factor of 556292?
True
Does 28 divide 1405516?
True
Is 144024 a multiple of 408?
True
Does 21 divide 4406577?
True
Is 21 a factor of 2821140?
True
Is 12 a factor of 695104?
False
Is 12 a factor of 773076?
True
Is 13 a factor of 1021800?
True
Is 5 a factor of 9772545?
True
Is 15 a factor of 686775?
True
Is 1892856 a multiple of 16?
False
Does 501 divide 187571?
False
Is 67 a factor of 89286?
False
Does 5 divide 42875?
True
Is 89003 a multiple of 40?
False
Does 95 divide 3454485?
True
Does 24 divide 3202512?
True
Is 26 a factor of 2719575?
False
Is 25 a factor of 4648413?
False
Is 339116 a multiple of 15?
False
Is 440 a factor of 131120?
True
Does 44 divide 9033168?
False
Is 191 a factor of 568989?
True
Is 5 a factor of 3336702?
False
Is 3465 a multiple of 105?
True
Is 644 a factor of 7278488?
True
Is 665444 a multiple of 268?
True
Does 30 divide 2180846?
False
Is 106765 a multiple of 131?
True
Is 52 a factor of 191992?
False
Is 327 a factor of 839383?
False
Is 23 a factor of 104046?
False
Is 195138 a multiple of 586?
True
Does 54 divide 82298?
False
Is 15 a factor of 33155649?
False
Is 8 a factor of 58448?
True
Is 428768 a multiple of 69?
False
Is 81355 a multiple of 53?
True
Does 103 divide 16814750?
True
Is 24 a factor of 1670184?
True
Does 26 divide 20817?
False
Is 73 a factor of 616262?
False
Does 13 divide 640700?
False
Is 237475 a multiple of 23?
True
Does 358 divide 1611000?
True
Is 35 a factor of 520135?
True
Does 133 divide 1040264?
False
Does 63 divide 779524?
False
Is 7004 a multiple of 13?
False
Does 141 divide 5730037?
False
Is 8207153 a multiple of 65?
False
Is 14 a factor of 36414?
True
Is 87257 a multiple of 312?
False
Is 62501 a multiple of 6?
False
Is 126461 a multiple of 51?
False
Is 148 a factor of 10671332?
False
Is 23023 a multiple of 4?
False
Is 123772 a multiple of 22?
True
Is 476 a factor of 2184840?
True
Is 29852 even?
True
Is 167 a factor of 1866559?
True
Is 11391112 a multiple of 328?
True
Is 1700928 a multiple of 36?
True
Is 314240 a multiple of 320?
True
Does 22 divide 8393396?
True
Is 19 a factor of 8827?
False
Does 17 divide 448220?
False
Is 43 a factor of 2286314?
False
Does 87 divide 689248?
False
Is 106 a factor of 20140?
True
Is 16228304 a multiple of 118?
True
Is 72780 a multiple of 4?
True
Does 186 divide 49220?
False
Does 58 divide 17052?
True
Is 89 a factor of 1415723?
True
Is 285352 a multiple of 212?
True
Is 2717600 a multiple of 158?
True
Is 44 a factor of 1408142?
False
Does 14 divide 768222?
True
Is 2 a factor of 5955?
False
Is 369222 a multiple of 118?
True
Is 5114991 a multiple of 227?
True
Does 28 divide 2256632?
True
Is 8085612 a multiple of 2226?
False
Is 549009 a multiple of 51?
False
Is 21 a factor of 71064?
True
Is 17 a factor of 5116789?
False
Does 31 divide 29613?
False
Is 3 a factor of 67061?
False
Is 245844 a multiple of 7?
False
Does 11 divide 3912198?
False
Is 3002272 a multiple of 208?
True
Is 189084 a multiple of 12?
True
Does 147 divide 1463532?
True
Is 23842 a multiple of 2?
True
Is 770 a factor of 6018320?
True
Is 1061 a factor of 1440751?
False
Is 75 a factor of 12492543?
False
Does 91 divide 2774784?
False
Is 82242 a multiple of 204?
False
Is 180780 a multiple of 20?
True
Does 68 divide 483728?
False
Does 13 divide 4354454?
True
Is 60912 a multiple of 18?
True
Is 8194115 a multiple of 1225?
False
Does 9 divide 92995?
False
Is 1581891 a multiple of 51?
False
Is 2590913 a multiple o